5
What is the thousands digit of 7869?
7
What is the ten thousands digit of 159540?
5
What is the thousands digit of 6062?
6
What is the units digit of 43460?
0
What is the ten thousands digit of 23660?
2
What is the hundreds digit of 56536?
5
What is the thousands digit of 25150?
5
What is the ten thousands digit of 113081?
1
What is the thousands digit of 1291?
1
What is the tens digit of 2804?
0
What is the hundreds digit of 100?
1
What is the hundreds digit of 3615?
6
What is the ten thousands digit of 27979?
2
What is the tens digit of 857?
5
What is the units digit of 191?
1
What is the tens digit of 1612?
1
What is the tens digit of 8118?
1
What is the tens digit of 2149?
4
What is the hundreds digit of 15153?
1
What is the units digit of 23847?
7
What is the hundreds digit of 11579?
5
What is the thousands digit of 2393?
2
What is the hundreds digit of 5267?
2
What is the hundreds digit of 3249?
2
What is the hundreds digit of 9405?
4
What is the tens digit of 360?
6
What is the tens digit of 13810?
1
What is the thousands digit of 11945?
1
What is the units digit of 848?
8
What is the tens digit of 8399?
9
What is the thousands digit of 14392?
4
What is the tens digit of 2560?
6
What is the units digit of 1795?
5
What is the thousands digit of 16482?
6
What is the thousands digit of 5086?
5
What is the units digit of 59964?
4
What is the hundreds digit of 367?
3
What is the hundreds digit of 101?
1
What is the tens digit of 329?
2
What is the ten thousands digit of 22382?
2
What is the units digit of 21910?
0
What is the hundreds digit of 95963?
9
What is the hundreds digit of 333?
3
What is the units digit of 11438?
8
What is the hundreds digit of 821?
8
What is the tens digit of 617?
1
What is the thousands digit of 134798?
4
What is the tens digit of 4292?
9
What is the tens digit of 1135?
3
What is the thousands digit of 23405?
3
What is the tens digit of 33098?
9
What is the tens digit of 1607?
0
What is the tens digit of 74266?
6
What is the tens digit of 1648?
4
What is the hundred thousands digit of 117884?
1
What is the units digit of 5017?
7
What is the units digit of 82637?
7
What is the thousands digit of 2783?
2
What is the units digit of 5366?
6
What is the units digit of 20?
0
What is the hundreds digit of 4693?
6
What is the thousands digit of 42834?
2
What is the tens digit of 5096?
9
What is the ten thousands digit of 26094?
2
What is the thousands digit of 14059?
4
What is the tens digit of 46353?
5
What is the hundreds digit of 10354?
3
What is the hundred thousands digit of 105872?
1
What is the tens digit of 2182?
8
What is the thousands digit of 1007?
1
What is the thousands digit of 4577?
4
What is the tens digit of 135474?
7
What is the thousands digit of 87111?
7
What is the thousands digit of 1833?
1
What is the thousands digit of 31988?
1
What is the units digit of 199963?
3
What is the ten thousands digit of 28013?
2
What is the tens digit of 525?
2
What is the hundreds digit of 4902?
9
What is the hundreds digit of 24725?
7
What is the units digit of 284?
4
What is the tens digit of 3864?
6
What is the ten thousands digit of 19455?
1
What is the hundreds digit of 1591?
5
What is the hundreds digit of 34388?
3
What is the thousands digit of 4252?
4
What is the tens digit of 19439?
3
What is the units digit of 69360?
0
What is the tens digit of 122728?
2
What is the thousands digit of 22929?
2
What is the tens digit of 610?
1
What is the tens digit of 35?
3
What is the hundreds digit of 248?
2
What is the hundreds digit of 1951?
9
What is the hundreds digit of 174193?
1
What is the units digit of 522?
2
What is the thousands digit of 31876?
1
What is the thousands digit of 13755?
3
What is the tens digit of 8050?
5
What is the thousands digit of 12567?
2
What is the hundreds digit of 10700?
7
What is the hundreds digit of 937?
9
What is the tens digit of 836?
3
What is the ten thousands digit of 76384?
7
What is the hundreds digit of 18466?
4
What is the thousands digit of 68715?
8
What is the thousands digit of 9885?
9
What is the hundreds digit of 27079?
0
What is the tens digit of 8157?
5
What is the tens digit of 3833?
3
What is the hundreds digit of 1885?
8
What is the hundreds digit of 23390?
3
What is the units digit of 881?
1
What is the hundreds digit of 135758?
7
What is the hundreds digit of 5754?
7
What is the hundreds digit of 4730?
7
What is the units digit of 6995?
5
What is the tens digit of 773?
7
What is the thousands digit of 7603?
7
What is the units digit of 4783?
3
What is the tens digit of 8894?
9
What is the hundreds digit of 848?
8
What is the ten thousands digit of 78305?
7
What is the units digit of 3796?
6
What is the units digit of 644?
4
What is the units digit of 956?
6
What is the units digit of 59?
9
What is the hundreds digit of 10273?
2
What is the units digit of 990?
0
What is the hundreds digit of 1384?
3
What is the thousands digit of 11622?
1
What is the units digit of 4831?
1
What is the units digit of 524?
4
What is the units digit of 10313?
3
What is the hundreds digit of 2224?
2
What is the tens digit of 38929?
2
What is the hundreds digit of 129610?
6
What is the units digit of 2005?
5
What is the tens digit of 1095?
9
What is the units digit of 20?
0
What is the hundreds digit of 4164?
1
What is the tens digit of 756?
5
What is the hundreds digit of 15521?
5
What is the tens digit of 2133?
3
What is the hundreds digit of 94710?
7
What is the tens digit of 1223?
2
What is the tens digit of 1609?
0
What is the units digit of 90246?
6
What is the units digit of 389?
9
What is the tens digit of 3319?
1
What is the units digit of 1106?
6
What is the tens digit of 2768?
6
What is the thousands digit of 5402?
5
What is the tens digit of 4257?
5
What is the hundreds digit of 1568?
5
What is the hundreds digit of 846?
8
What is the thousands digit of 53206?
3
What is the thousands digit of 2817?
2
What is the tens digit of 2863?
6
What is the thousands digit of 1768?
1
What is the tens digit of 9970?
7
What is the thousands digit of 13959?
3
What is the tens digit of 35961?
6
What is the tens digit of 1248?
4
What is the tens digit of 761?
6
What is the hundreds digit of 1644?
6
What is the hundreds digit of 645?
6
What is the ten thousands digit of 18355?
1
What is the thousands digit of 8117?
8
What is the tens digit of 203909?
0
What is the hundreds digit of 4737?
7
What is the thousands digit of 1372?
1
What is the units digit of 1820?
0
What is the thousands digit of 3283?
3
What is the ten thousands digit of 24072?
2
What is the tens digit of 2995?
9
What is the tens digit of 25468?
6
What is the ten thousands digit of 34538?
3
What is the hundreds digit of 51712?
7
What is the tens digit of 312?
1
What is the hundreds digit of 3233?
2
What is the units digit of 28395?
5
What is the hundreds digit of 656?
6
What is the units digit of 75652?
2
What is the tens digit of 480?
8
What is the ten thousands digit of 197354?
9
What is the units digit of 31159?
9
What is the tens digit of 7126?
2
What is the tens digit of 101349?
4
What is the units digit of 5243?
3
What is the hundreds digit of 992?
9
What is the hundreds digit of 39966?
9
What is the units digit of 45982?
2
What is the tens digit of 14138?
3
What is the units digit of 2970?
0
What is the hundreds digit of 7136?
1
What is the hundreds digit of 717?
7
What is the hundreds digit of 8228?
2
What is the units digit of 2215?
5
What is the thousands digit of 4642?
4
What is the tens digit of 1448?
4
What is the units digit of 3962?
2
What is the hundreds digit of 31218?
2
What is the units digit of 62212?
2
What is the thousands digit of 18407?
8
What is the hundred thousands digit of 125881?
1
What is the units digit of 23654?
4
What is the tens digit of 365?
6
What is the units digit of 8026?
6
What is the thousands digit of 2245?
2
What is the thousands digit of 5244?
5
What is the tens digit of 1028?
2
What is the tens digit of 4015?
1
What is the units digit of 653?
3
What is the units digit of 61509?
9
What is the thousands digit of 3619?
3
What is the thousands digit of 23922?
3
What is the thousands digit of 1449?
1
What is the hundreds digit of 10973?
9
What is the ten thousands digit of 77013?
7
Wh